400121235 - 21?
-400121300
In base 11, what is -1920 - 1a0?
-2010
In base 10, what is 4 + 19347650?
19347654
In base 12, what is -35667 - 152?
-357b9
In base 9, what is -17637 - -42570?
23832
In base 9, what is 3 - 507732400?
-507732386
In base 10, what is 3683 - -67874?
71557
In base 14, what is -11da + -1241c2?
-1253bc
In base 7, what is -2203233654 + 5?
-2203233646
In base 14, what is -955 + 364?
-5d1
In base 10, what is -206303636 + -2?
-206303638
In base 7, what is 65 - 64541161?
-64541063
In base 12, what is -4a1 - 4357?
-4838
In base 2, what is 11101100000110001100001001 - -101?
11101100000110001100001110
In base 2, what is 10101100011000010 - 1111?
10101100010110011
In base 6, what is 4253412 + 1035?
4254451
In base 5, what is -4 - 11311340200?
-11311340204
In base 8, what is -262664 + -166?
-263052
In base 3, what is -12220 + -1012021002?
-1012110222
In base 9, what is 26173 - 1207?
24865
In base 7, what is 5 + -100246436?
-100246431
In base 13, what is -29ca + -4c69?
-7966
In base 10, what is -154 - 33074?
-33228
In base 11, what is -204a3779 - 4?
-204a3782
In base 7, what is -122164 - -3?
-122161
In base 6, what is -40054 - -4353?
-31301
In base 4, what is -1011201302 + -3030?
-1011210332
In base 11, what is 2 - -9a0162a?
9a01631
In base 15, what is 6 - 4743965?
-474395e
In base 11, what is 702384 + 6a?
702443
In base 9, what is -4 - -25345024?
25345020
In base 10, what is 54126 + 2118?
56244
In base 13, what is 222b21921 + 5?
222b21926
In base 16, what is 2 + f73d9b?
f73d9d
In base 14, what is -28c0 - -32a8?
7c8
In base 2, what is 101011011000 - -100100001010110001?
100100110110001001
In base 3, what is -200211 - -22120002?
21212021
In base 13, what is 1172335 + -4?
1172331
In base 15, what is -2 - -21d5093?
21d5091
In base 3, what is -1210 - 1000102201?
-1000111111
In base 11, what is 1479489 - 0?
1479489
In base 15, what is d136 - 2ed9?
a14c
In base 8, what is -17 - -302554103?
302554064
In base 8, what is 14 + 301036?
301052
In base 3, what is -220111202000 - 2?
-220111202002
In base 4, what is -230 - 200013212?
-200020102
In base 2, what is 1000010 - 111000110110110100010?
-111000110110101100000
In base 12, what is 23141b2 + 56?
2314248
In base 3, what is -1011121 + 221211211120?
221210122222
In base 15, what is 52228 - -c?
52235
In base 13, what is -10 + -7a41ac2?
-7a41b02
In base 10, what is -1144 + -1652?
-2796
In base 6, what is 12 - -423311144?
423311200
In base 12, what is 29 - -40a1a?
40a47
In base 9, what is 38200175 - -2?
38200177
In base 3, what is -20 - -22121011010021?
22121011010001
In base 3, what is -12 + -10110120101110?
-10110120101122
In base 4, what is -110011231132021 + 2?
-110011231132013
In base 4, what is -31120132313 - -3312?
-31120123001
In base 5, what is -3442 - 1242111?
-1301103
In base 4, what is -1 - -1231223230121?
1231223230120
In base 8, what is -436 - -57767?
57331
In base 10, what is -26774 + 408?
-26366
In base 12, what is -2676 - 359?
-2a13
In base 15, what is -2 - 1b5e83?
-1b5e85
In base 6, what is -10320052040 + 13?
-10320052023
In base 3, what is 2 - 2201200001011100?
-2201200001011021
In base 10, what is -794 - -8445?
7651
In base 2, what is -1011011 - -10110000110011111?
10110000101000100
In base 16, what is -2 + 5e8a53?
5e8a51
In base 7, what is -42100 - 20132?
-62232
In base 6, what is -1 - 11501002544?
-11501002545
In base 6, what is -1411 + -122533?
-124344
In base 12, what is 2757 + 7785?
a320
In base 9, what is -2830768 - 8?
-2830777
In base 14, what is -19a + 4581b?
45661
In base 9, what is -3 - -508634132?
508634128
In base 14, what is 3233a + 2a9?
32605
In base 12, what is 113ba2b - -1?
113ba30
In base 13, what is -9330 - -1473?
-7b8a
In base 13, what is 2acc - -4844?
7643
In base 5, what is -104422 - 32433?
-142410
In base 14, what is -5 - -117d11a?
117d115
In base 14, what is -2c554 + 7?
-2c54b
In base 16, what is 39a97f + -bb?
39a8c4
In base 13, what is 5 - 20b98cb?
-20b98c6
In base 9, what is 1117 - -667616?
668734
In base 13, what is -4 - 35a2aa?
-35a2b1
In base 13, what is -2c7 - 72b3?
-75aa
In base 9, what is -500766061 + -3?
-500766064
In base 8, what is 2 + -3275545?
-3275543
In base 6, what is 1015513145 - 11?
1015513134
In base 10, what is -3 + 24403469?
24403466
In base 8, what is 10 - -3440027?
3440037
In base 13, what is 11a60a86 - -4?
11a60a8a
In base 15, what is -5 - 3b0da0a?
-3b0da10
In base 8, what is 53532 - 54?
53456
In base 14, what is 11d + -12428?
-12309
In base 12, what is -2b - a0694?
-a0703
In base 15, what is 6a52e + c?
6a53b
In base 6, what is -30020445 + 1142?
-30015303
In base 5, what is 4423444 + -3122?
4420322
In base 11, what is -575aa061 + -4?
-575aa065
In base 11, what is 4 + 1265567?
1265570
In base 13, what is -63c2 - -a6?
-6319
In base 16, what is 8c55b + 3?
8c55e
In base 7, what is -11062122 - -52?
-11062040
In base 8, what is 7611 + -3213?
4376
In base 11, what is -327 + -1a802a?
-1a8356
In base 6, what is 1253221 + -120?
1253101
In base 15, what is -51 - -1995e?
1990d
In base 12, what is -11 + -222821?
-222832
In base 11, what is 4668532 - 3?
466852a
In base 11, what is 4 + -522908?
-522904
In base 8, what is -20772 + 1626?
-17144
In base 12, what is b7941b + 11?
b79430
In base 13, what is -995aac6 - -14?
-995aab2
In base 6, what is -1542 + 25323412?
25321430
In base 16, what is -4 + -52e859a?
-52e859e
In base 14, what is -1b939a4 - c?
-1b939b2
In base 13, what is -28520 + -58a2?
-310c2
In base 11, what is 47 + 183551?
183598
In base 6, what is -204515045 + -45?
-204515134
In base 3, what is 1001000220112 + -100012?
1001000120100
In base 7, what is 100514 - -6563?
110410
In base 13, what is -4 + -10262a2?
-10262a6
In base 8, what is 12136574 + -23?
12136551
In base 7, what is 5 + 165254244?
165254252
In base 7, what is 2040653 + 20?
2041003
In base 6, what is -111 + -1452101314?
-1452101425
In base 8, what is 1320774 + -270?
1320504
In base 10, what is 92 + -199716?
-199624
In base 5, what is -14 + -114013344?
-114013413
In base 8, what is -451 - 243750?
-244421
In base 7, what is -24254 + 4532?
-16422
In base 3, what is 220002201120201 - 12?
220002201120112
In base 14, what is -72739 + 6c8?
-72051
In base 6, what is 4 + -2115221543?
-2115221535
In base 5, what is 24413423320 - 3?
24413423312
In base 12, what is 224b8a + -5?
224b85
In base 3, what is -101012221111210020 - -12?
-101012221111210001
In base 14, what is -1a87960 - -5?
-1a87959
In base 16, what is 3b7f9 + -617?
3b1e2
In base 13, what is 1a + c1bc7?
c1c14
In base 2, what is -100 + -1011111000111010011001011?
-1011111000111010011001111
In base 12, what is 2 - 7761372?
-7761370
In base 11, what is 5 + 11526917?
11526921
In base 6, what is -4415042 - -134?
-4414504
In base 5, what is -3 + -22404312223?
-22404312231
In base 5, what is -2100440 - -31411?
-2014024
In base 15, what is -66 - e2ee?
-e365
In base 9, what is -8 - 15634322?
-15634331
In base 13, what is 12983c - 24?
129818
In base 3, what is 211020 - 2221112?
-2010022
In base 15, what is -13478e - 3a?
-1347c9
In base 14, what is -1 - -64cd53?
64cd52
In base 4, what is 2 + 22101100020?
22101100022
In base 13, what is -229 + -68b7?
-6b13
In base 15, what is -8a8486 + -2?
-8a8488
In base 6, what is 10541444 + 304?
10542152
In base 11, what is 0 + 3a87813?
3a87813
In base 15, what is -4 - -1b7616c3?
1b7616be
In base 11, what is 52891257 + -3?
52891254
In base 10, what is -48235258 + -4?
-48235262
In base 2, what is -1000100111111010010100001 + -10?
-1000100111111010010100011
In base 6, what is 1232435 - -42000?
1314435
In base 12, what is 31b9 - -1127?
4324
In base 2, what is -10110 - 11001101100101100100?
-11001101100101111010
In base 15, what is -151310 + 9?
-151306
In base 13, what is 421c + -2465?
1a87
In base 15, what is -2a + -45b51b?
-45b546
In base 15, what is 84e24 + 4e6?
8541a
In base 12, what is -8 + -b688664?
-b688670
In base 5, what is 1342303021 + 340?
1342303411
In base 2, what is 1001111010010110001010001 - 111010?
1001111010010110000010111
In base 16, what is -17b53526 + -5?
-17b5352b
In base 8, what is 66616205 + 4?
66616211
In base 3, what is -1 + -122220010020?
-122220010021
In base 6, what is -1053 - -150305?
145212
In base 5, what is 301 + 124401403?
124402204
In base 6, what is -114 - 530003?
-5301